{"version":"1.0","provider_name":"UNASP Noticias","provider_url":"https:\/\/unasp.br\/noticias","author_name":"UNASP - TI-DESENVOLVIMENTO","author_url":"https:\/\/unasp.br\/noticias\/author\/admindefault-com\/","title":"Unasp promove a\u00e7\u00f5es sociais em Engenheiro Coelho (SP)","type":"rich","width":600,"height":338,"html":"<blockquote class=\"wp-embedded-content\" data-secret=\"r3COrnSzyG\"><a href=\"https:\/\/unasp.br\/noticias\/unasp-promove-acoes-sociais-em-engenheiro-coelho-sp\/\">Unasp promove a\u00e7\u00f5es sociais em Engenheiro Coelho (SP)<\/a><\/blockquote><iframe sandbox=\"allow-scripts\" security=\"restricted\" src=\"https:\/\/unasp.br\/noticias\/unasp-promove-acoes-sociais-em-engenheiro-coelho-sp\/embed\/#?secret=r3COrnSzyG\" width=\"600\" height=\"338\" title=\"&#8220;Unasp promove a\u00e7\u00f5es sociais em Engenheiro Coelho (SP)&#8221; &#8212; UNASP Noticias\" data-secret=\"r3COrnSzyG\" frameborder=\"0\" marginwidth=\"0\" marginheight=\"0\" scrolling=\"no\" class=\"wp-embedded-content\"><\/iframe><script type=\"text\/javascript\">\n\/* <![CDATA[ *\/\n\/*! This file is auto-generated *\/\n!function(d,l){\"use strict\";l.querySelector&&d.addEventListener&&\"undefined\"!=typeof URL&&(d.wp=d.wp||{},d.wp.receiveEmbedMessage||(d.wp.receiveEmbedMessage=function(e){var t=e.data;if((t||t.secret||t.message||t.value)&&!\/[^a-zA-Z0-9]\/.test(t.secret)){for(var s,r,n,a=l.querySelectorAll('iframe[data-secret=\"'+t.secret+'\"]'),o=l.querySelectorAll('blockquote[data-secret=\"'+t.secret+'\"]'),c=new RegExp(\"^https?:$\",\"i\"),i=0;i<o.length;i++)o[i].style.display=\"none\";for(i=0;i<a.length;i++)s=a[i],e.source===s.contentWindow&&(s.removeAttribute(\"style\"),\"height\"===t.message?(1e3<(r=parseInt(t.value,10))?r=1e3:~~r<200&&(r=200),s.height=r):\"link\"===t.message&&(r=new URL(s.getAttribute(\"src\")),n=new URL(t.value),c.test(n.protocol))&&n.host===r.host&&l.activeElement===s&&(d.top.location.href=t.value))}},d.addEventListener(\"message\",d.wp.receiveEmbedMessage,!1),l.addEventListener(\"DOMContentLoaded\",function(){for(var e,t,s=l.querySelectorAll(\"iframe.wp-embedded-content\"),r=0;r<s.length;r++)(t=(e=s[r]).getAttribute(\"data-secret\"))||(t=Math.random().toString(36).substring(2,12),e.src+=\"#?secret=\"+t,e.setAttribute(\"data-secret\",t)),e.contentWindow.postMessage({message:\"ready\",secret:t},\"*\")},!1)))}(window,document);\n\/* ]]> *\/\n<\/script>\n","thumbnail_url":"https:\/\/cdn.unasp.br\/noticias\/wp-content\/uploads\/2019\/09\/13075339\/Feira-de-Sa%C3%BAde-Dia-da-Responsabilidade-Social-no-Unasp-3.jpg","thumbnail_width":1024,"thumbnail_height":683,"description":"Atividades e servi\u00e7os fazem parte do Dia da Responsabilidade Social realizado anualmente pelo Centro Universit\u00e1rio Adventista de S\u00e3o Paulo."}

Unasp promove ações sociais em Engenheiro Coelho (SP)

<blockquote class="wp-embedded-content" data-secret="r3COrnSzyG"><a href="https://unasp.br/noticias/unasp-promove-acoes-sociais-em-engenheiro-coelho-sp/">Unasp promove ações sociais em Engenheiro Coelho (SP)</a></blockquote><iframe sandbox="allow-scripts" security="restricted" src="https://unasp.br/noticias/unasp-promove-acoes-sociais-em-engenheiro-coelho-sp/embed/#?secret=r3COrnSzyG" width="600" height="338" title="&#8220;Unasp promove ações sociais em Engenheiro Coelho (SP)&#8221; &#8212; UNASP Noticias" data-secret="r3COrnSzyG" frameborder="0" marginwidth="0" marginheight="0" scrolling="no" class="wp-embedded-content"></iframe><script type="text/javascript">
/* <![CDATA[ */
/*! This file is auto-generated */
!function(d,l){"use strict";l.querySelector&&d.addEventListener&&"undefined"!=typeof URL&&(d.wp=d.wp||{},d.wp.receiveEmbedMessage||(d.wp.receiveEmbedMessage=function(e){var t=e.data;if((t||t.secret||t.message||t.value)&&!/[^a-zA-Z0-9]/.test(t.secret)){for(var s,r,n,a=l.querySelectorAll('iframe[data-secret="'+t.secret+'"]'),o=l.querySelectorAll('blockquote[data-secret="'+t.secret+'"]'),c=new RegExp("^https?:$","i"),i=0;i<o.length;i++)o[i].style.display="none";for(i=0;i<a.length;i++)s=a[i],e.source===s.contentWindow&&(s.removeAttribute("style"),"height"===t.message?(1e3<(r=parseInt(t.value,10))?r=1e3:~~r<200&&(r=200),s.height=r):"link"===t.message&&(r=new URL(s.getAttribute("src")),n=new URL(t.value),c.test(n.protocol))&&n.host===r.host&&l.activeElement===s&&(d.top.location.href=t.value))}},d.addEventListener("message",d.wp.receiveEmbedMessage,!1),l.addEventListener("DOMContentLoaded",function(){for(var e,t,s=l.querySelectorAll("iframe.wp-embedded-content"),r=0;r<s.length;r++)(t=(e=s[r]).getAttribute("data-secret"))||(t=Math.random().toString(36).substring(2,12),e.src+="#?secret="+t,e.setAttribute("data-secret",t)),e.contentWindow.postMessage({message:"ready",secret:t},"*")},!1)))}(window,document);
/* ]]> */
</script>

Atividades e serviços fazem parte do Dia da Responsabilidade Social realizado anualmente pelo Centro Universitário Adventista de São Paulo.
